{"id":749,"date":"2010-03-17T20:09:13","date_gmt":"2010-03-17T18:09:13","guid":{"rendered":"http:\/\/vpmedias.fr\/?page_id=749"},"modified":"2012-02-20T14:15:35","modified_gmt":"2012-02-20T12:15:35","slug":"aide-les-parrains-du-coeur","status":"publish","type":"page","link":"https:\/\/vpmedias.fr\/?page_id=749","title":{"rendered":"Les Parrains du C\u0153ur"},"content":{"rendered":"<p><img decoding=\"async\" style=\"width: 212px; height: 162px; float: right;\" src=\"\/images\/logos\/parrainsducoeur.png\" alt=\"Les Parrains du C\u0153ur, pour vous servir\" \/><\/p>\n<p style=\"text-align: justify;\">\u00c0 leur arriv\u00e9e sur le jeu, les nouveaux joueurs re\u00e7oivent un tuteur. Cependant, il arrive que celui-ci soit inactif, et un d\u00e9butant peut donc ne pas recevoir de r\u00e9ponses, et vite se sentir perdu. Pour pallier ce probl\u00e8me, voici une liste de joueurs volontaires qui sont pr\u00eats \u00e0 servir de parrain non-officiel, en prenant sous leur aile un joueur. Ces parrains, ce sont les <strong>Parrains du C\u0153ur<\/strong>, une id\u00e9e initi\u00e9e par Ouicmoi le 23 mars 2010.<\/p>\n<p>&nbsp;<\/p>\n<h2>Trouver un Parrain du C\u0153ur<\/h2>\n<p style=\"text-align: justify;\">Si vous \u00eates nouveau et que votre parrain est inactif ou qu&rsquo;il ne vous satisfait pas, il vous suffit donc de <strong>choisir un parrain dans la liste<\/strong> ci-dessous (au hasard, les parrains ici sont volontaires, donc tous motiv\u00e9s !) et de <strong>l&rsquo;ajouter en contact<\/strong> via l&rsquo;onglet <em>\u00ab\u00a0Messagerie\u00a0\u00bb<\/em> sur le jeu.<\/p>\n<h2>Rejoindre les Parrains du C\u0153ur<\/h2>\n<p style=\"text-align: justify;\">Si vous d\u00e9sirez rejoindre l&rsquo;op\u00e9ration et aider de nouveaux joueurs, merci de <a href=\"\/?page_id=132\">contacter VPM\u00e9dias<\/a>. 6 mois d&rsquo;exp\u00e9rience sur le jeu sont au minimum requis, et l&rsquo;op\u00e9ration est bien <em>\u00ab\u00a0volontaire\u00a0\u00bb<\/em>, c&rsquo;est-\u00e0-dire non r\u00e9mun\u00e9r\u00e9e :-)<\/p>\n<p><img loading=\"lazy\" decoding=\"async\" class=\"aligncenter size-full wp-image-3791\" title=\"Accompagnement des nouveaux\" src=\"http:\/\/vpmedias.fr\/wp-content\/uploads\/2010\/03\/accompagnement.jpg\" alt=\"Aider les nouveaux \u00e0 progresser\" width=\"250\" height=\"187\" \/><\/p>\n<h1>Liste des parrains<\/h1>\n<p>&nbsp;<\/p>\n<table style=\"width: 70%;\" border=\"0\" cellspacing=\"2\" cellpadding=\"2\">\n<tbody>\n<tr>\n<td>\n<ul>\n<li>ouicmoi<\/li>\n<li>satya<\/li>\n<li>superugo<\/li>\n<li>pendulum<\/li>\n<li>mrbanana<\/li>\n<li>hyppy<\/li>\n<li>dragalex<\/li>\n<li>popovitch<\/li>\n<li>lordhi<\/li>\n<li>vertues<\/li>\n<li>filsdeginette<\/li>\n<li>kevinjojo<\/li>\n<li>ptitfifo<\/li>\n<li>ludu<\/li>\n<li>madian<\/li>\n<li>kalagan<\/li>\n<\/ul>\n<\/td>\n<td>\n<ul>\n<li>summerzik<\/li>\n<li>heindeuxtrois<\/li>\n<li>chijue<\/li>\n<li>bobmorane<\/li>\n<li>dens<\/li>\n<li>quimperle<\/li>\n<li>walltomin<\/li>\n<li>antofeuille<\/li>\n<li>cocoo<\/li>\n<li>gollum<\/li>\n<li>whynot<\/li>\n<li>foudgy<\/li>\n<li>restecool<\/li>\n<li>supersayan<\/li>\n<li>notaro<\/li>\n<li>geostar<\/li>\n<\/ul>\n<\/td>\n<\/tr>\n<\/tbody>\n<\/table>\n","protected":false},"excerpt":{"rendered":"<p>\u00c0 leur arriv\u00e9e sur le jeu, les nouveaux joueurs re\u00e7oivent un tuteur. Cependant, il arrive que celui-ci soit inactif, et un d\u00e9butant peut donc ne pas recevoir de r\u00e9ponses, et vite se sentir perdu. Pour pallier ce probl\u00e8me, voici une liste de joueurs volontaires qui sont pr\u00eats \u00e0 servir de parrain non-officiel, en prenant sous [&hellip;]<\/p>\n","protected":false},"author":2,"featured_media":0,"parent":105,"menu_order":16,"comment_status":"open","ping_status":"open","template":"","meta":{"site-container-style":"default","site-container-layout":"default","site-sidebar-layout":"default","disable-article-header":"default","disable-site-header":"default","disable-site-footer":"default","disable-content-area-spacing":"default","footnotes":""},"class_list":["post-749","page","type-page","status-publish","hentry"],"_links":{"self":[{"href":"https:\/\/vpmedias.fr\/index.php?rest_route=\/wp\/v2\/pages\/749","targetHints":{"allow":["GET"]}}],"collection":[{"href":"https:\/\/vpmedias.fr\/index.php?rest_route=\/wp\/v2\/pages"}],"about":[{"href":"https:\/\/vpmedias.fr\/index.php?rest_route=\/wp\/v2\/types\/page"}],"author":[{"embeddable":true,"href":"https:\/\/vpmedias.fr\/index.php?rest_route=\/wp\/v2\/users\/2"}],"replies":[{"embeddable":true,"href":"https:\/\/vpmedias.fr\/index.php?rest_route=%2Fwp%2Fv2%2Fcomments&post=749"}],"version-history":[{"count":0,"href":"https:\/\/vpmedias.fr\/index.php?rest_route=\/wp\/v2\/pages\/749\/revisions"}],"up":[{"embeddable":true,"href":"https:\/\/vpmedias.fr\/index.php?rest_route=\/wp\/v2\/pages\/105"}],"wp:attachment":[{"href":"https:\/\/vpmedias.fr\/index.php?rest_route=%2Fwp%2Fv2%2Fmedia&parent=749"}],"curies":[{"name":"wp","href":"https:\/\/api.w.org\/{rel}","templated":true}]}}