{"id":857,"date":"2005-03-22T20:04:41","date_gmt":"2005-03-22T18:04:41","guid":{"rendered":"http:\/\/vpmedias.fr\/?page_id=857"},"modified":"2016-08-15T03:34:11","modified_gmt":"2016-08-15T02:34:11","slug":"archives-du-vpm-news","status":"publish","type":"page","link":"https:\/\/vpmedias.fr\/?page_id=857","title":{"rendered":"Archives du VPM News"},"content":{"rendered":"<p style=\"text-align: center;\"><img decoding=\"async\" style=\"border: none;\" alt=\"\" src=\"\/archives\/vpmnews\/08-09-08-1_fichiers\/logo.png\" \/><\/p>\n<h2>Description &amp; historique<\/h2>\n<p>\u21d2 <a href=\"http:\/\/wiki.vpmedias.fr\/VPM_News\" target=\"_blank\">La fiche du VPM News sur WikiVPM<\/a><\/p>\n<p style=\"text-align: justify;\">\u00c0 noter que les 3 derniers num\u00e9ros, qui avaient entra\u00een\u00e9 de vives critiques de la part d&rsquo;OVNA &#8211; dont certains membres y \u00e9taient accus\u00e9s de manipulation -, suscit\u00e9 plusieurs bannissements ainsi que l&rsquo;interdiction de la publicit\u00e9 pour le journal (<a href=\"\/index.php?s=Paul+%26+Mick\">des \u00e9v\u00e8nements relat\u00e9s alors sur le Pilote<\/a>), ne sont pas disponibles : l&rsquo;un des gestionnaires du site avait quelques temps plus tard &#8211; malencontreusement &#8211; supprim\u00e9 la base de donn\u00e9es du VPM News, et ils n&rsquo;ont pu \u00eatre r\u00e9cup\u00e9r\u00e9s.<\/p>\n<p>\u21d2 <a onclick=\"window.open('\/newsearch.php','_blank','toolbar=0, location=0, directories=0, status=0, scrollbars=1, resizable=1, copyhistory=0, menuBar=0, width=700, height=800');return(false)\" href=\"#\">Chercher un article du VPM News<\/a><\/p>\n<h1>Les num\u00e9ros de la premi\u00e8re version<\/h1>\n<p>\u00c9dition du Lundi 26\/11\/2007 &#8211; Num\u00e9ro 00 : <a href=\"\/archives\/vpmnews\/26-11-07-1\">Page 1<\/a><\/p>\n<p>\u00c9dition du Lundi 03\/12\/2007 &#8211; Num\u00e9ro 01 : <a href=\"\/archives\/vpmnews\/03-12-07-1\">Page 1<\/a> &#8211; <a href=\"\/archives\/vpmnews\/03-12-07-2\">Page 2<\/a> &#8211; <a href=\"\/archives\/vpmnews\/03-12-07-3\">Page 3<\/a><\/p>\n<p>\u00c9dition du Lundi 10\/12\/2007 &#8211; Num\u00e9ro 02 : <a href=\"\/archives\/vpmnews\/10-12-07-1\">Page 1<\/a> &#8211; <a href=\"\/archives\/vpmnews\/10-12-07-2\">Page 2<\/a> &#8211; <a href=\"\/archives\/vpmnews\/10-12-07-3\">Page 3<\/a><\/p>\n<p>\u00c9dition du Lundi 17\/12\/2007 &#8211; Num\u00e9ro 03 : <a href=\"\/archives\/vpmnews\/17-12-07-1\">Page 1<\/a> &#8211; <a href=\"\/archives\/vpmnews\/17-12-07-2\">Page 2<\/a> &#8211; <a href=\"\/archives\/vpmnews\/17-12-07-3\">Page 3<\/a><\/p>\n<p>\u00c9dition du Lundi 24\/12\/2007 &#8211; Num\u00e9ro 04 : <a href=\"\/archives\/vpmnews\/24-12-07-1\">Page 1<\/a> &#8211; <a href=\"\/archives\/vpmnews\/24-12-07-2\">Page 2<\/a> &#8211; <a href=\"\/archives\/vpmnews\/24-12-07-3\">Page 3<\/a><\/p>\n<p>\u00c9dition du Lundi 31\/12\/2007 &#8211; Num\u00e9ro 05 : <a href=\"\/archives\/vpmnews\/31-12-07-1\">Page 1<\/a> &#8211; <a href=\"\/archives\/vpmnews\/31-12-07-2\">Page 2<\/a> &#8211; <a href=\"\/archives\/vpmnews\/31-12-07-3\">Page 3<\/a><\/p>\n<p>\u00c9dition du Lundi 07\/01\/2008 &#8211; Num\u00e9ro 06 : <a href=\"\/archives\/vpmnews\/07-01-08-1\">Page 1<\/a> &#8211; <a href=\"\/archives\/vpmnews\/07-01-08-2\">Page 2<\/a> &#8211; <a href=\"\/archives\/vpmnews\/07-01-08-3\">Page 3<\/a><\/p>\n<p>\u00c9dition du Lundi 14\/01\/2008 &#8211; Num\u00e9ro 07 : <a href=\"\/archives\/vpmnews\/14-01-08-1\">Page 1<\/a> &#8211; <a href=\"\/archives\/vpmnews\/14-01-08-2\">Page 2<\/a> &#8211; <a href=\"\/archives\/vpmnews\/14-01-08-3\">Page 3<\/a><\/p>\n<p>\u00c9dition du Lundi 21\/01\/2008 &#8211; Num\u00e9ro 08 : <a href=\"\/archives\/vpmnews\/21-01-08-1\">Page 1<\/a> &#8211; <a href=\"\/archives\/vpmnews\/21-01-08-2\">Page 2<\/a> &#8211; <a href=\"\/archives\/vpmnews\/21-01-08-3\">Page 3<\/a><\/p>\n<p>\u00c9dition du Lundi 28\/01\/2008 &#8211; Num\u00e9ro 09 : <a href=\"\/archives\/vpmnews\/28-01-08-1\">Page 1<\/a> &#8211; <a href=\"\/archives\/vpmnews\/28-01-08-2\">Page 2<\/a> &#8211; <a href=\"\/archives\/vpmnews\/28-01-08-3\">Page 3<\/a><\/p>\n<p>\u00c9dition du Lundi 04\/02\/2008 &#8211; Num\u00e9ro 10 : <a href=\"\/archives\/vpmnews\/04-02-08-1\">Page 1<\/a> &#8211; <a href=\"\/archives\/vpmnews\/04-02-08-2\">Page 2<\/a> &#8211; <a href=\"\/archives\/vpmnews\/04-02-08-3\">Page 3<\/a><\/p>\n<p>\u00c9dition du Lundi 11\/02\/2008 &#8211; Num\u00e9ro 11 : <a href=\"\/archives\/vpmnews\/11-02-08-1\">Page 1<\/a> &#8211; <a href=\"\/archives\/vpmnews\/11-02-08-2\">Page 2<\/a> &#8211; <a href=\"\/archives\/vpmnews\/11-02-08-3\">Page 3<\/a><\/p>\n<p>\u00c9dition du Lundi 18\/02\/2008 &#8211; Num\u00e9ro 12 : <a href=\"\/archives\/vpmnews\/18-02-08-1\">Page 1<\/a> &#8211; <a href=\"\/archives\/vpmnews\/18-02-08-2\">Page 2<\/a> &#8211; <a href=\"\/archives\/vpmnews\/18-02-08-3\">Page 3<\/a><\/p>\n<p>\u00c9dition du Lundi 25\/02\/2008 &#8211; Num\u00e9ro 13 : <a href=\"\/archives\/vpmnews\/25-02-08-1\">Page 1<\/a> &#8211; <a href=\"\/archives\/vpmnews\/25-02-08-2\">Page 2<\/a> &#8211; <a href=\"\/archives\/vpmnews\/25-02-08-3\">Page 3<\/a><\/p>\n<p>\u00c9dition du Lundi 03\/03\/2008 &#8211; Num\u00e9ro 14 : <a href=\"\/archives\/vpmnews\/03-03-08-1\">Page 1<\/a> &#8211; <a href=\"\/archives\/vpmnews\/03-03-08-2\">Page 2<\/a> &#8211; <a href=\"\/archives\/vpmnews\/03-03-08-3\">Page 3<\/a><\/p>\n<p>\u00c9dition du Lundi 10\/03\/2008 &#8211; Num\u00e9ro 15 : <a href=\"\/archives\/vpmnews\/10-03-08-1\">Page 1<\/a> &#8211; <a href=\"\/archives\/vpmnews\/10-03-08-2\">Page 2<\/a> &#8211; <a href=\"\/archives\/vpmnews\/10-03-08-3\">Page 3<\/a><\/p>\n<p>\u00c9dition du Lundi 17\/03\/2008 &#8211; Num\u00e9ro 16 : <a href=\"\/archives\/vpmnews\/17-03-08-1\">Page 1<\/a> &#8211; <a href=\"\/archives\/vpmnews\/17-03-08-2\">Page 2<\/a> &#8211; <a href=\"\/archives\/vpmnews\/17-03-08-3\">Page 3<\/a><\/p>\n<p>\u00c9dition du Lundi 24\/03\/2008 &#8211; Num\u00e9ro 17 : <a href=\"\/archives\/vpmnews\/24-03-08-1\">Page 1<\/a> &#8211; <a href=\"\/archives\/vpmnews\/24-03-08-2\">Page 2<\/a> &#8211; <a href=\"\/archives\/vpmnews\/24-03-08-3\">Page 3<\/a><\/p>\n<p>\u00c9dition du Lundi 31\/03\/2008 &#8211; Num\u00e9ro 18 : <a href=\"\/archives\/vpmnews\/31-03-08-1\">Page 1<\/a> &#8211; <a href=\"\/archives\/vpmnews\/31-03-08-2\">Page 2<\/a><\/p>\n<p>\u00c9dition du Lundi 07\/04\/2008 &#8211; Num\u00e9ro 19 : <a href=\"\/archives\/vpmnews\/07-04-08-1\">Page 1<\/a> &#8211; <a href=\"\/archives\/vpmnews\/07-04-08-2\">Page 2<\/a> &#8211; <a href=\"\/archives\/vpmnews\/07-04-08-3\">Page 3<\/a><\/p>\n<p>\u00c9dition du Lundi 14\/04\/2008 &#8211; Num\u00e9ro 20 : <a href=\"\/archives\/vpmnews\/14-04-08-1\">Page 1<\/a> &#8211; <a href=\"\/archives\/vpmnews\/14-04-08-2\">Page 2<\/a> &#8211; <a href=\"\/archives\/vpmnews\/14-04-08-3\">Page 3<\/a><\/p>\n<p>\u00c9dition du Lundi 21\/04\/2008 &#8211; Num\u00e9ro 21 : <a href=\"\/archives\/vpmnews\/21-04-08-1\">Page 1<\/a> &#8211; <a href=\"\/archives\/vpmnews\/21-04-08-2\">Page 2<\/a> &#8211; <a href=\"\/archives\/vpmnews\/21-04-08-deb.htm\">Encart D\u00e9bat<\/a> &#8211; <a href=\"\/archives\/vpmnews\/21-04-08-3\">Page 3<\/a><\/p>\n<p>\u00c9dition du Lundi 28\/04\/2008 &#8211; Num\u00e9ro 22 : <a href=\"\/archives\/vpmnews\/28-04-08-1\">Page 1<\/a> &#8211; <a href=\"\/archives\/vpmnews\/28-04-08-2\">Page 2<\/a> &#8211; <a href=\"\/archives\/vpmnews\/28-04-08-3\">Page 3<\/a><\/p>\n<p>\u00c9dition du Lundi 05\/05\/2008 &#8211; Num\u00e9ro 23 : <a href=\"\/archives\/vpmnews\/05-05-08-1\">Page 1<\/a> &#8211; <a href=\"\/archives\/vpmnews\/05-05-08-2\">Page 2<\/a> &#8211; <a href=\"\/archives\/vpmnews\/05-05-08-3\">Page 3<\/a><\/p>\n<p>\u00c9dition du Lundi 12\/05\/2008 &#8211; Num\u00e9ro 24 : <a href=\"\/archives\/vpmnews\/12-05-08-1\">Page 1<\/a> &#8211; <a href=\"\/archives\/vpmnews\/12-05-08-2\">Page 2<\/a> &#8211; <a href=\"\/archives\/vpmnews\/12-05-08-deb.htm\">Encart D\u00e9bat<\/a> &#8211; <a href=\"\/archives\/vpmnews\/12-05-08-3\">Page 3<\/a><\/p>\n<p>\u00c9dition du Lundi 19\/05\/2008 &#8211; Num\u00e9ro 25 : <a href=\"\/archives\/vpmnews\/19-05-08-1\">Page 1<\/a> &#8211; <a href=\"\/archives\/vpmnews\/19-05-08-2\">Page 2<\/a> &#8211; <a href=\"\/archives\/vpmnews\/19-05-08-3\">Page 3<\/a><\/p>\n<p>\u00c9dition du Lundi 26\/05\/2008 &#8211; Num\u00e9ro 26 : <a href=\"\/archives\/vpmnews\/26-05-08-1\">Page 1<\/a> &#8211; <a href=\"\/archives\/vpmnews\/26-05-08-2\">Page 2<\/a> &#8211; <a href=\"\/archives\/vpmnews\/26-05-08-3\">Page 3<\/a><\/p>\n<p>\u00c9dition du Lundi 02\/06\/2008 &#8211; Num\u00e9ro 27 : <a href=\"\/archives\/vpmnews\/02-06-08-1\">Page 1<\/a> &#8211; <a href=\"\/archives\/vpmnews\/02-06-08-2\">Page 2<\/a> &#8211; <a href=\"\/archives\/vpmnews\/02-06-08-3\">Page 3<\/a><\/p>\n<p>\u00c9dition du Lundi 09\/06\/2008 &#8211; Num\u00e9ro 28 : <a href=\"\/archives\/vpmnews\/09-06-08-1\">Page 1<\/a> &#8211; <a href=\"\/archives\/vpmnews\/09-06-08-2\">Page 2<\/a> &#8211; <a href=\"\/archives\/vpmnews\/09-06-08-3\">Page 3<\/a><\/p>\n<p>\u00c9dition du Lundi 16\/06\/2008 &#8211; Num\u00e9ro 29 : <a href=\"\/archives\/vpmnews\/16-06-08-1\">Page 1<\/a> &#8211; <a href=\"\/archives\/vpmnews\/16-06-08-2\">Page 2<\/a> &#8211; <a href=\"\/archives\/vpmnews\/16-06-08-3\">Page 3<\/a><\/p>\n<p>\u00c9dition du Lundi 23\/06\/2008 &#8211; Num\u00e9ro 30 : <a href=\"\/archives\/vpmnews\/23-06-08-1\">Page 1<\/a> &#8211; <a href=\"\/archives\/vpmnews\/23-06-08-2\">Page 2<\/a><\/p>\n<p>\u00c9dition du Lundi 30\/06\/2008 &#8211; Num\u00e9ro 31 : <a href=\"\/archives\/vpmnews\/30-06-08-1\">Page 1<\/a> &#8211; <a href=\"\/archives\/vpmnews\/30-06-08-2\">Page 2<\/a><\/p>\n<p>\u00c9dition du Lundi 07\/07\/2008 &#8211; Num\u00e9ro 32 : <a href=\"\/archives\/vpmnews\/07-07-08-1\">Page 1<\/a> &#8211; <a href=\"\/archives\/vpmnews\/07-07-08-2\">Page 2<\/a><\/p>\n<p>\u00c9dition du Lundi 14\/07\/2008 &#8211; Num\u00e9ro 33 : <a href=\"\/archives\/vpmnews\/14-07-08-1\">Page 1<\/a> &#8211; <a href=\"\/archives\/vpmnews\/14-07-08-debpresi.htm\">D\u00e9bat<\/a> &#8211; <a href=\"\/archives\/vpmnews\/14-07-08-debmisterhype.htm\">Message de MrHype<\/a> &#8211; <a href=\"\/archives\/vpmnews\/14-07-08-debmrbanana.htm\">Message de MrBanana<\/a><\/p>\n<p>\u00c9dition du Lundi 21\/07\/2008 &#8211; Num\u00e9ro 34 : <a href=\"\/archives\/vpmnews\/21-07-08-1\">Page 1<\/a><\/p>\n<p>\u00c9dition du Lundi 28\/07\/2008 &#8211; Num\u00e9ro 35 : <a href=\"\/archives\/vpmnews\/28-07-08-1\">Page 1<\/a><\/p>\n<p>\u00c9dition du Lundi 04\/08\/2008 &#8211; Num\u00e9ro 36 : <a href=\"\/archives\/vpmnews\/04-08-08-1\">Page 1<\/a> &#8211; <a href=\"\/archives\/vpmnews\/04-08-08-2\">Page 2<\/a><\/p>\n<p>\u00c9dition du Lundi 11\/08\/2008 &#8211; Num\u00e9ro 37 : <a href=\"\/archives\/vpmnews\/11-08-08-1\">Page 1<\/a> &#8211; <a href=\"\/archives\/vpmnews\/11-08-08-3\">Page 3<\/a><\/p>\n<p>\u00c9dition du Lundi 18\/08\/2008 &#8211; Num\u00e9ro 38 : <a href=\"\/archives\/vpmnews\/18-08-08-1\">Page 1<\/a> &#8211; <a href=\"\/archives\/vpmnews\/18-08-08-conf.htm\">Confessions du Pr\u00e9sident MrBanana<\/a><\/p>\n<p>\u00c9dition du Lundi 25\/08\/2008 &#8211; Num\u00e9ro 39 : <a href=\"\/archives\/vpmnews\/25-08-08-1\">Page 1<\/a> &#8211; <a href=\"\/archives\/vpmnews\/25-08-08-2\">Page 2<\/a> &#8211; <a href=\"\/archives\/vpmnews\/25-08-08-3\">Page 3<\/a><\/p>\n<p>\u00c9dition du Lundi 01\/09\/2008 &#8211; Num\u00e9ro 40 : <a href=\"\/archives\/vpmnews\/01-09-08-1\">Page 1<\/a> &#8211; <a href=\"\/archives\/vpmnews\/01-09-08-2\">Page 2<\/a><\/p>\n<p>\u00c9dition du Lundi 08\/09\/2008 &#8211; Num\u00e9ro 41 : <a href=\"\/archives\/vpmnews\/08-09-08-1\">Page 1<\/a> &#8211; <a href=\"\/archives\/vpmnews\/08-09-08-2\">Page 2<\/a><\/p>\n<p>\u00c9dition du Lundi 15\/09\/2008 &#8211; Num\u00e9ro 42 : <a href=\"\/archives\/vpmnews\/15-09-08-1\">Page 1<\/a> &#8211; <a href=\"\/archives\/vpmnews\/15-09-08-2\">Page 2<\/a><\/p>\n<p>\u00c9dition du Lundi 22\/09\/2008 &#8211; Num\u00e9ro 43 : <a href=\"\/archives\/vpmnews\/22-09-08-1\">Page 1<\/a> &#8211; <a href=\"\/archives\/vpmnews\/22-09-08-2\">Page 2<\/a><\/p>\n<p>\u00c9dition du Lundi 29\/09\/2008 &#8211; Num\u00e9ro 44 : <a href=\"\/archives\/vpmnews\/29-09-08-1\">Page 1<\/a> &#8211; <a href=\"\/archives\/vpmnews\/29-09-08-2\">Page 2<\/a> &#8211; <a href=\"\/archives\/vpmnews\/29-09-08-3\">Page 3<\/a><\/p>\n<p>\u00c9dition du Lundi 06\/10\/2008 &#8211; Num\u00e9ro 45 : <a href=\"\/archives\/vpmnews\/06-10-08-1\">Page 1<\/a> &#8211; <a href=\"\/archives\/vpmnews\/06-10-08-2\">Page 2<\/a><\/p>\n<hr \/>\n<h1>Les articles de la seconde version<\/h1>\n<p>\u21d2 <a href=\"http:\/\/vpmedias.fr\/?cat=101\" target=\"_blank\">C&rsquo;est ici<\/a><\/p>\n","protected":false},"excerpt":{"rendered":"<p>Description &amp; historique \u21d2 La fiche du VPM News sur WikiVPM \u00c0 noter que les 3 derniers num\u00e9ros, qui avaient entra\u00een\u00e9 de vives critiques de la part d&rsquo;OVNA &#8211; dont certains membres y \u00e9taient accus\u00e9s de manipulation -, suscit\u00e9 plusieurs bannissements ainsi que l&rsquo;interdiction de la publicit\u00e9 pour le journal (des \u00e9v\u00e8nements relat\u00e9s alors sur [&hellip;]<\/p>\n","protected":false},"author":2,"featured_media":0,"parent":114,"menu_order":45,"comment_status":"open","ping_status":"open","template":"","meta":{"site-container-style":"default","site-container-layout":"default","site-sidebar-layout":"default","disable-article-header":"default","disable-site-header":"default","disable-site-footer":"default","disable-content-area-spacing":"default","footnotes":""},"class_list":["post-857","page","type-page","status-publish","hentry"],"_links":{"self":[{"href":"https:\/\/vpmedias.fr\/index.php?rest_route=\/wp\/v2\/pages\/857","targetHints":{"allow":["GET"]}}],"collection":[{"href":"https:\/\/vpmedias.fr\/index.php?rest_route=\/wp\/v2\/pages"}],"about":[{"href":"https:\/\/vpmedias.fr\/index.php?rest_route=\/wp\/v2\/types\/page"}],"author":[{"embeddable":true,"href":"https:\/\/vpmedias.fr\/index.php?rest_route=\/wp\/v2\/users\/2"}],"replies":[{"embeddable":true,"href":"https:\/\/vpmedias.fr\/index.php?rest_route=%2Fwp%2Fv2%2Fcomments&post=857"}],"version-history":[{"count":2,"href":"https:\/\/vpmedias.fr\/index.php?rest_route=\/wp\/v2\/pages\/857\/revisions"}],"predecessor-version":[{"id":32521,"href":"https:\/\/vpmedias.fr\/index.php?rest_route=\/wp\/v2\/pages\/857\/revisions\/32521"}],"up":[{"embeddable":true,"href":"https:\/\/vpmedias.fr\/index.php?rest_route=\/wp\/v2\/pages\/114"}],"wp:attachment":[{"href":"https:\/\/vpmedias.fr\/index.php?rest_route=%2Fwp%2Fv2%2Fmedia&parent=857"}],"curies":[{"name":"wp","href":"https:\/\/api.w.org\/{rel}","templated":true}]}}